
True
Is 101 a factor of 1155?
False
Is 91 a factor of 9777?
False
Does 371 divide 18319?
False
Is 747 a multiple of 83?
True
Is 50 a factor of 1399?
False
Is 416 a multiple of 13?
True
Is 20697 a multiple of 21?
False
Is 12 a factor of 3159?
False
Does 8 divide 520?
True
Does 17 divide 1581?
True
Does 22 divide 225?
False
Is 21 a factor of 2919?
True
Is 19702 a multiple of 21?
False
Is 2499 a multiple of 49?
True
Is 10 a factor of 16490?
True
Is 61 a factor of 471?
False
Is 8865 a multiple of 9?
True
Is 81 a multiple of 9?
True
Is 7190 a multiple of 8?
False
Does 20 divide 517?
False
Is 111 a factor of 22311?
True
Is 51360 a multiple of 48?
True
Is 11 a factor of 6325?
True
Is 65 a factor of 2090?
False
Is 22 a factor of 26664?
True
Is 20 a factor of 20?
True
Does 65 divide 4971?
False
Is 7 a factor of 427?
True
Is 92 a factor of 1104?
True
Does 4 divide 12332?
True
Is 84 a multiple of 4?
True
Is 5883 a multiple of 159?
True
Is 13 a factor of 28444?
True
Is 7 a factor of 409?
False
Does 97 divide 2425?
True
Is 2480 a multiple of 10?
True
Is 96 a multiple of 16?
True
Does 56 divide 168?
True
Is 22 a factor of 447?
False
Is 13308 a multiple of 17?
False
Is 108 a factor of 1984?
False
Is 34996 a multiple of 22?
False
Is 6 a factor of 504?
True
Does 5 divide 679?
False
Is 9828 a multiple of 78?
True
Is 21600 a multiple of 100?
True
Is 1446 a multiple of 25?
False
Does 44 divide 9416?
True
Does 20 divide 1247?
False
Does 23 divide 184?
True
Is 261 a multiple of 87?
True
Is 17 a factor of 25771?
False
Does 34 divide 638?
False
Is 34620 a multiple of 15?
True
Is 3600 a multiple of 18?
True
Does 11 divide 88352?
True
Is 1345 a multiple of 3?
False
Does 27 divide 36585?
True
Does 3 divide 18?
True
Does 69 divide 37398?
True
Is 10 a factor of 1630?
True
Is 64020 a multiple of 30?
True
Is 872 a multiple of 109?
True
Is 2551 a multiple of 42?
False
Is 12 a factor of 1448?
False
Does 78 divide 6084?
True
Is 680 a multiple of 40?
True
Is 13 a factor of 347?
False
Is 2 a factor of 10477?
False
Is 40 a factor of 27360?
True
Does 35 divide 1330?
True
Is 16 a factor of 784?
True
Does 3 divide 75?
True
Does 12 divide 196?
False
Does 148 divide 31957?
False
Does 11 divide 10125?
False
Is 3198 a multiple of 123?
True
Does 98 divide 588?
True
Is 5479 a multiple of 9?
False
Does 17 divide 442?
True
Is 18 a factor of 8391?
False
Does 358 divide 96437?
False
Is 8512 a multiple of 93?
False
Does 24 divide 4306?
False
Does 12 divide 9852?
True
Is 4901 a multiple of 13?
True
Does 12 divide 380?
False
Does 15 divide 2025?
True
Is 638 a multiple of 22?
True
Is 72 a factor of 1728?
True
Is 766 a multiple of 3?
False
Is 556 a multiple of 39?
False
Is 754 a multiple of 12?
False
Is 24 a factor of 22224?
True
Is 6808 a multiple of 53?
False
Is 89 a factor of 4820?
False
Does 13 divide 2768?
False
Does 18 divide 4536?
True
Is 25 a multiple of 5?
True
Is 28387 a multiple of 344?
False
Does 29 divide 3103?
True
Is 7 a factor of 1750?
True
Is 7 a factor of 511?
True
Is 26 a factor of 1040?
True
Is 994 a multiple of 16?
False
Is 3 a factor of 294?
True
Is 97924 a multiple of 20?
False
Does 6 divide 95?
False
Does 5 divide 115?
True
Is 64 a factor of 1728?
True
Is 4410 a multiple of 18?
True
Does 16 divide 39312?
True
Is 8 a factor of 416?
True
Is 30 a multiple of 15?
True
Is 7 a factor of 8933?
False
Is 2760 a multiple of 9?
False
Is 621 a multiple of 15?
False
Is 1290 a multiple of 58?
False
Does 170 divide 39195?
False
Is 389 a multiple of 6?
False
Is 2 a factor of 180?
True
Is 18 a factor of 324?
True
Is 132160 a multiple of 102?
False
Is 664 a multiple of 43?
False
Is 10 a factor of 126?
False
Is 76775 a multiple of 25?
True
Is 600 a multiple of 7?
False
Does 5 divide 7300?
True
Is 30 even?
True
Does 30 divide 4463?
False
Does 24 divide 264?
True
Does 7 divide 9030?
True
Is 39 a factor of 3861?
True
Is 10413 a multiple of 9?
True
Does 6 divide 70?
False
Is 5868 a multiple of 89?
False
Is 81 a multiple of 27?
True
Is 169 a factor of 25857?
True
Does 134 divide 6442?
False
Does 111 divide 5331?
False
Does 50 divide 617?
False
Is 4 a factor of 1389?
False
Is 10 a factor of 784?
False
Is 8446 a multiple of 6?
False
Is 2 a factor of 48?
True
Is 5050 a multiple of 10?
True
Is 165 a multiple of 33?
True
Is 14725 a multiple of 95?
True
Does 6 divide 1626?
True
Is 46 a factor of 39261?
False
Is 22451 a multiple of 143?
True
Is 2089 a multiple of 74?
False
Does 96 divide 2464?
False
Is 979 a multiple of 23?
False
Is 80 a factor of 560?
True
Is 644 a multiple of 14?
True
Is 975 a multiple of 13?
True
Is 21900 a multiple of 25?
True
Does 23 divide 690?
True
Is 22 a factor of 5830?
True
Is 13 a factor of 223?
False
Is 6 a factor of 300?
True
Does 76 divide 5872?
False
Is 19 a factor of 77444?
True
Does 13 divide 99778?
False
Is 649 a multiple of 11?
True
Does 10 divide 3770?
True
Is 11 a factor of 409?
False
Is 36636 a multiple of 172?
True
Does 17 divide 9010?
True
Is 51267 a multiple of 184?
False
Does 65 divide 17943?
False
Is 1671 a multiple of 5?
False
Is 93969 a multiple of 27?
False
Is 420 a multiple of 28?
True
Is 25 a factor of 6425?
True
Is 4008 a multiple of 4?
True
Is 20 a factor of 8240?
True
Does 11 divide 319?
True
Is 491 a multiple of 22?
False
Is 630 a multiple of 8?
False
Is 724 a multiple of 5?
False
Does 6 divide 658?
False
Is 384 a multiple of 24?
True
Does 14 divide 1932?
True
Is 1772 a multiple of 55?
False
Is 6060 a multiple of 5?
True
Is 10 a factor of 8486?
False
Is 27 a factor of 45592?
False
Is 1909 a multiple of 30?
False
Is 16 a factor of 160?
True
Is 29574 a multiple of 279?
True
Is 12 a factor of 1236?
True
Is 321 a factor of 120628?
False
Is 13 a factor of 30545?
False
Does 30 divide 4320?
True
Is 7638 a multiple of 53?
False
Is 55 a factor of 7480?
True
Is 27 a factor of 1868?
False
Does 166 divide 830?
True
Is 869 a multiple of 10?
False
Is 41 a factor of 13161?
True
Is 7 a factor of 5302?
False
Is 13 a factor of 89?
False
Is 10 a factor of 6230?
True
Does 18 divide 11196?
True
Does 24 divide 2136?
True
Does 44 divide 2772?
True
Is 31403 a multiple of 31?
True
Does 38 divide 3838?
True
Does 73 divide 77777?
False
Is 264 a multiple of 19?
False
Does 6 divide 50987?
False
Does 58 divide 88160?
True
Is 25 a factor of 1134?
False
Is 493 a multiple of 62?
False
Does 249 divide 87676?
False
Is 2 a factor of 1965?
False
Is 24 a factor of 3340?
False
Is 6200 a multiple of 8?
True
Is 3 a factor of 18387?
True
Is 296 a multiple of 62?
False
Does 42 divide 46578?
True
Is 311 a multiple of 61?
False
Is 4 a factor of 270?
False
Is 102 a factor of 1224?
True
Does 40 divide 7680?
True
Does 41 divide 4040?
False
Does 143 divide 4579?
False
Does 22 divide 5566?
True
Is 28 a factor of 3567?
False
Is 22 a factor of 10942?
False
Does 72 divide 633?
False
Is 79 a factor of 1264?
True
Is 825 a multiple of 65?
False
Is 10485 a multiple of 233?
True
Is 5 a factor of 450?
True
Is 101 a factor of 10727?
False
Is 21508 a multiple of 31?
False
Does 41 divide 41?
True
Is 860 a multiple of 20?
True
Does 17 divide 1585?
False
Is 12180 a multiple of 10?
True
Is 276 a multiple of 23?
True
Does 2 divide 2900?
True
Is 12264 a multiple of 57?
False
Does 16 divide 58224?
True
Is 8 a factor of 354?
False
Is 1050 a multiple of 42?
True
Does 26 divide 1639?
False
Is 10 a factor of 350?
True
Is 8668 a multiple of 197?
True
Does 14 divide 185?
False
Is 5 a factor of 149?
False
Is 2480 a multiple of 16?
True
Is 23 a factor of 1094?
False
Does 128 divide 49920?
True
Does 46 divide 8004?
True
Is 274 a multiple of 2?
True
Is 302 a multiple of 6?
False
Is 13860 a multiple of 51?
False
Is 4 a factor of 2311?
False
Is 17 a factor of 1516?
False
Does 14 divide 2786?
True
Is 51 a factor of 2448?
True
Does 10 divide 280?
True
Is 3384 a multiple of 4?
True
Does 14 divide 38696?
True
Is 1146 a multiple of 12?
False
Does 312 divide 135096?
True
Is 57260 a multiple of 21?
False
Does 42 divide 59006?
False
Is 843 a multiple of 64?
False
Is 29 a factor of 2400?
False
Is 12768 a multiple of 228?
True
Does 117 divide 36878?
False
Is 2214 a multiple of 29?
False
Is 1374 a multiple of 3?
True
Is 6231 a multiple of 93?
True
Is 76076 a multiple of 364?
True
Does 48 divide 2340?
False
Is 20567 a multiple of 165?
F